5 = -2*y. What is the units digit of y?
6
Let k = -30 - -34. Suppose -69 = -5*g + s, 5*g = k*s + 78 + 3. What is the tens digit of g?
1
Let v = 366 - 629. What is the tens digit of 2/(-3) - v/3?
8
Suppose 5*x = -q + 577, -x + 0*x = -q + 583. What is the tens digit of q?
8
Suppose -338 = -s + 12. What is the tens digit of s?
5
Let n(v) = 15*v**2 + 3*v + 15. Let r(f) = -5*f + 42. Let b be r(9). What is the hundreds digit of n(b)?
1
Let h(q) be the first derivative of q**3/3 + 155*q + 18. What is the hundreds digit of h(0)?
1
Let t(v) = 36*v**2 - v - 156. What is the units digit of t(11)?
9
Let y be (-1 - 11)*(-3)/(-3). What is the tens digit of ((-4)/y)/(1/603)?
0
Let y = 18 - 17. Suppose 80 = 6*z - 2*z. Suppose u - y = z. What is the tens digit of u?
2
Let t be (2 + -1)*(-2 + -2). Let k(b) = 3*b**2 + 4 + 0*b**2 - 3*b - 2*b**2. What is the tens digit of k(t)?
3
Let q be 216/2*(-4)/6. Let r = -48 - q. What is the units digit of (-3 + r/9)*-3?
1
Let h(v) = 4*v**3 + v**2 + 2*v - 3. Let r be -1 - 0 - (-4 - 0). Let k be h(r). Suppose -4*c - c = -k. What is the tens digit of c?
2
Let y be (2/(4/(-1)))/((-50)/1200). Suppose 5*h - 2*h - y = 0, 4*h = 2*x + 14. What is the units digit of x?
1
Let f(w) be the first derivative of w**3/3 - 7*w**2/2 + 5*w - 8. Suppose 2*r - 9 = 5. What is the units digit of f(r)?
5
Let x(k) = -16*k**3 + 34*k**2 + 46*k + 91. Let s(h) = -3*h**3 + 7*h**2 + 9*h + 18. Let b(j) = 11*s(j) - 2*x(j). What is the hundreds digit of b(7)?
1
What is the units digit of 3 + -3 + -5 + (-554)/(-2)?
2
Let h(o) = -o**3 + 8*o**2 + 12*o. Let j be h(9). Suppose -2*w - t + 91 = 0, 2*t + j = -2*w + 113. What is the units digit of w?
8
Let g(d) = -3*d + 1 + d + 3*d. Let l be g(0). What is the units digit of 14/l + -7 + 4?
1
Let q = 15 - 12. Suppose -q*c + 6*d = d + 3, c - 2*d = -2. Suppose -u + 2*u - c = 0. What is the units digit of u?
4
Suppose p - 2*i - 8 = -0*p, -12 = -4*p - 2*i. Suppose 2*y = r + 5*y + 11, 0 = -p*r + 4*y + 36. What is the units digit of r?
4
What is the tens digit of (169/5)/((-9)/(2 + -47))?
6
Let r(t) = 41*t**2 - 7*t + 5. What is the hundreds digit of r(3)?
3
Suppose 5*g - g = -48. Let a be g*(6/(-3) - -3). What is the tens digit of (-63)/(-2) - 6/a?
3
Suppose 4*u = -7*u + 3531. What is the units digit of u?
1
Let i = -2 + -10. Let s(p) = -7*p - 14. What is the tens digit of s(i)?
7
Suppose -5*m = -v - 53, -15 = -0*v + 5*v. Let n = m - 8. Suppose -3*w - 11 = -2*l, 8 = n*l + 2*w - 4*w. What is the units digit of l?
1
Let u(m) = m**2 - 8*m - 1. Let q be u(8). Let n(f) be the first derivative of -f**4 + f**3/3 + 1. What is the units digit of n(q)?
5
Suppose 108 = 3*b + 36. Suppose -5*h - c + b = 0, 2*h + h - 28 = -4*c. What is the tens digit of (544/(-48))/(h/(-6))?
1
Suppose 11169 = 20*w + 31*w. What is the hundreds digit of w?
2
Let v(b) = 4*b**2 - 11. What is the tens digit of v(-7)?
8
Let c(s) = -708*s + 25. What is the thousands digit of c(-2)?
1
Let m = 33 + -31. Let s(z) = -16*z**3 - 3*z - 1. Let u(q) = -q - 1. Let g(v) = m*u(v) - s(v). What is the tens digit of g(1)?
1
Let n(k) = -2*k + 70. What is the tens digit of n(5)?
6
Suppose -r = 1 - 3. Suppose -m + 142 = r*w, -5*m - 5*w = -43 - 687. What is the tens digit of m?
5
Suppose 8402 + 4510 = 12*d. What is the tens digit of d?
7
Suppose 768 = 3*h + 3*w, -w = h + 2*w - 254. What is the hundreds digit of h?
2
What is the units digit of (-7 - -8) + 1 + 467?
9
Let x(w) = -12*w - 9. Let b be x(-1). Suppose 716 = 4*p - 4*j, -b*p = 2*p - 3*j - 885. What is the hundreds digit of p?
1
Suppose 2*h - 5 = h. Suppose 5 = h*a - 0. Let x = a + 7. What is the units digit of x?
8
Let f(q) = q**3 - 6*q**2 - 2*q + 2. Let t(n) = 4*n**3 - 18*n**2 - 7*n + 7. Let k(z) = -7*f(z) + 2*t(z). What is the tens digit of k(-5)?
2
Suppose -4*d = -0*u - 5*u + 17, 0 = d - 2*u + 8. Suppose -4*a - 68 = -4*p + d*p, a + 1 = 0. What is the units digit of p?
2
Let w(k) = 560*k**2 - 26*k - 47. What is the units digit of w(-2)?
5
Let z(g) be the second derivative of g**4/12 + g**3/6 - 4*g**2 + 4*g. Let b be z(-7). Let q = -1 + b. What is the units digit of q?
3
Let u(f) = -f**2 + 16*f - 8. Let i be u(14). Let q = i + 17. What is the units digit of q?
7
Let o = 20 + -20. Suppose -2*t + 5*y - 13 = 5, t + 2*y = o. What is the units digit of -1 - ((t - -4) + -49)?
8
Suppose -41*k = 40*k - 105381. What is the tens digit of k?
0
Let g be 6 - (-2 + 1)*-4. Let n(o) = -o**2 + 3*o**2 - 1 + 4*o**3 - 3*o**3 + o**2. What is the units digit of n(g)?
9
Let v(f) = -f**3 - 2*f**2 - 1. Let u be v(-2). Let z be 20/(-5)*(u + 14). What is the units digit of 4/(-6) + z/(-6)?
8
Let c(l) = -24*l**3 - 5*l**2 + 8*l - 8. Let r = -4 - -9. Let n(h) = -16*h**3 - 3*h**2 + 5*h - 5. Let a(g) = r*c(g) - 8*n(g). What is the units digit of a(1)?
7
Suppose -10*s + 84 = -6*s. Suppose s + 35 = j. What is the tens digit of j?
5
What is the units digit of (-2440)/(-16)*(-24)/(-20)?
3
Let x = 96 + -71. Suppose -355 + x = -3*n. What is the hundreds digit of n?
1
Let g(o) = -9*o. Let n be g(-2). Let r = 20 - n. Suppose -x + r = x. What is the units digit of x?
1
Let g(z) = -z**3 + 12*z**2 + 12*z + 2. Let t be g(13). Let i = t - -93. What is the tens digit of i?
8
Let m be (912/(-64))/(2/(-56)). Let v = -189 + m. Suppose -v = 2*t - 7*t. What is the tens digit of t?
4
Let z be (-6)/(-14) + (-36)/(-14). Suppose z*g + 5*g - 1040 = 0. What is the tens digit of g?
3
Suppose -6*n + 7990 = -1202. What is the tens digit of n?
3
Let k(n) = 2*n**3 - n**2 - 3*n + 1. Let g = 7 + -4. What is the units digit of k(g)?
7
Suppose -265 = 2*j - 5*r, -3*r - 273 = 2*j - 32. Let p = j - -203. What is the units digit of p?
8
Let x(v) = -v**3 - 12*v**2 + v - 5. Let g be x(-12). Let o = g - -13. Let w = 5 - o. What is the units digit of w?
9
Let z be (2/(-5))/(2/(-5)). Let w be -2*(-1)/(-2)*z. What is the units digit of 0/(-6) - (-15 + w)?
6
Let k be 1*(-6 - (-4)/1). Let f be 156*(k/(-6))/1. Let c = 96 - f. What is the tens digit of c?
4
Let o = -19 - -22. Suppose u - o*y + 0 = -5, -y = 4*u - 19. Let c(v) = -v**3 + 7*v**2 - 3. What is the units digit of c(u)?
5
Suppose -4*q + 0 - 4 = -2*j, -4*j = -2*q - 2. Let n be 4/(1 - 5)*j. Suppose -3*t + 15 = 0, 5*t = -n*i + i + 15. What is the tens digit of i?
1
Let s = -404 - -1113. What is the units digit of s?
9
Suppose 0*o = o - u + 277, -4*o - 1110 = -2*u. What is the tens digit of (3 - (-8)/(-3)) + o/(-3)?
9
Let f = 4513 + -3188. What is the thousands digit of f?
1
Let s(w) be the first derivative of w**5/120 - w**4/3 + 4*w**3/3 + 4. Let o(u) be the third derivative of s(u). What is the units digit of o(12)?
4
Let r(u) be the first derivative of -u**3/3 - u**2 + u - 5. Let j be r(0). What is the units digit of (-1)/j - 3*-1?
2
Let t = -2771 - -4489. What is the tens digit of t?
1
Suppose -4 = -3*c + 2*c. Let w = c - 2. Suppose -w*d + 120 = 5*f - f, -d + 116 = 4*f. What is the tens digit of f?
2
Let n(z) be the second derivative of z**4/12 - 5*z**3/3 + 4*z**2 + 11*z. What is the tens digit of n(12)?
3
What is the units digit of ((-17)/(-4))/(1*12/1200)?
5
Let c(x) = 694*x + 72. What is the hundreds digit of c(4)?
8
Let k = 6 - 2. Let v be (((-30)/4)/(-3))/((-5)/(-10)). Suppose -3*i + 6*i + k*f = 204, 5*i + v*f - 335 = 0. What is the units digit of i?
4
Suppose 27 + 1 = -q. Let c = -17 - q. Let o = 9 + c. What is the units digit of o?
0
What is the hundreds digit of (-13)/(-39) - 1660/(-6)?
2
Let a(h) = h**3 - 7*h**2 + 8*h + 1. Let o be a(6). Let v = 11 - o. What is the tens digit of 5 + 5 + (-2)/v?
1
Let a = -5199 - -8316. What is the hundreds digit of a?
1
Suppose 0 = -18*x + 12945 - 1227. What is the tens digit of x?
5
Let n = 238 + 773. What is the units digit of n?
1
Let v = 10063 - 6428. What is the tens digit of v?
3
Let f = 9 - 6. Let b(d) = -d + 20*d**3 - 48*d**f - 17*d**3 - 1. What is the units digit of b(-1)?
5
Suppose u - 2 = -0. Let b = 6 - u. What is the tens digit of 3/b - (-394)/8?
5
Suppose 0 = 6*i - 2605 + 157. Suppose 4*d - i = -j + 3*j, 2*j = 3*d - 308. What is the units digit of d?
0
Let c = 0 - -16. Suppose 2*n = 6*n - c. Suppose 2*s + 117 = n*s - 3*u, 123 = 2*s + 3*u. What is the units digit of s?
0
Suppose 0 = -2*h - 6*h + 40. Suppose 0*c - 632 = -5*g + 2*c, -509 = -4*g + h*c. What is the tens digit of g?
2
Le